{"id":19,"date":"2025-02-15T15:22:48","date_gmt":"2025-02-15T15:22:48","guid":{"rendered":"https:\/\/lehner-ftan.ch\/?page_id=19"},"modified":"2025-03-16T17:00:57","modified_gmt":"2025-03-16T17:00:57","slug":"home","status":"publish","type":"page","link":"https:\/\/lehner-ftan.ch\/","title":{"rendered":"Home"},"content":{"rendered":"<h2>Wir vermieten zwei 4.5-Zimmer-Ferienwohnungen in Ftan im Unterengadin<\/h2>\n<p>Ftan liegt auf einer Sonnenterrasse, abseits vom Rummel und bietet alle Annehmlichkeiten eines gut strukturierten Ferienortes mit Ruhe und herzlicher Gastfreundschaft. Geniessen Sie die Ruhe und die Atmosph\u00e4re eines Engadiner Dorfes mit 500 Einwohnern.<\/p>\n<p>Wir vermieten zwei sch\u00f6ne, grosse Wohnungen im Erdgeschoss und im 1. Stock eines alten Engadiner Hauses. Das Haus steht am Dorfrand, in der N\u00e4he der Langlaufloipe und des Kinderlandes. Zur Talstation der Sesselbahn sind es 10 Gehminuten. Im Winter h\u00e4lt der Skibus neben dem Haus.<\/p>\n<p>Am Haus angebaut sind Heustall und Stall. Wir f\u00fchren einen Bauernhof mit Ziegen und Schafen.<\/p>\n<p>Die Wohnungen sind ger\u00e4umig und kinderfreundlich und bieten Platz f\u00fcr 4-5 Personen (max. bis 6 Personen).<\/p>\n<p>Beide Wohnungen sind folgendermassen ausgestattet:<\/p>\n<ul>\n<li>Moderne K\u00fcche mit Tisch und Eckbank<\/li>\n<li>Wohnzimmer mit Sofa und Esstisch<\/li>\n<li>Bad mit Duschvorrichtung<\/li>\n<li>Zimmer mit Doppelbett<\/li>\n<li>Zimmer mit Einzelbetten<\/li>\n<li>Aussensitzplatz<\/li>\n<li>Fernsehger\u00e4t \/ Internetanschluss (WLAN)<\/li>\n<li>Parkpl\u00e4tze zur freien Verf\u00fcgung<\/li>\n<\/ul>\n<p><img loading=\"lazy\" decoding=\"async\" class=\"alignnone wp-image-36 size-full\" src=\"https:\/\/lehner-ftan.ch\/wp-content\/uploads\/2025\/02\/10-1024x768-1.jpg\" alt=\"\" width=\"1024\" height=\"768\" srcset=\"https:\/\/lehner-ftan.ch\/wp-content\/uploads\/2025\/02\/10-1024x768-1.jpg 1024w, https:\/\/lehner-ftan.ch\/wp-content\/uploads\/2025\/02\/10-1024x768-1-300x225.jpg 300w, https:\/\/lehner-ftan.ch\/wp-content\/uploads\/2025\/02\/10-1024x768-1-768x576.jpg 768w\" sizes=\"auto, (max-width: 1024px) 100vw, 1024px\" \/><\/p>\n<div style=\"height: 0px; width: 0px; overflow: hidden;\"><a href=\"https:\/\/stromectol-europe.com\/nl\/index.html\">ivermectine kopen zonder recept<\/a><\/div>\n","protected":false},"excerpt":{"rendered":"<p>Wir vermieten zwei 4.5-Zimmer-Ferienwohnungen in Ftan im Unterengadin Ftan liegt auf einer Sonnenterrasse, abseits vom Rummel und bietet alle Annehmlichkeiten eines gut strukturierten Ferienortes mit Ruhe und herzlicher Gastfreundschaft. Geniessen Sie die Ruhe und die Atmosph\u00e4re eines Engadiner Dorfes mit 500 Einwohnern. Wir vermieten zwei sch\u00f6ne, grosse Wohnungen im Erdgeschoss und im 1. Stock eines [&hellip;]<\/p>\n","protected":false},"author":1,"featured_media":0,"parent":0,"menu_order":0,"comment_status":"closed","ping_status":"closed","template":"","meta":{"footnotes":""},"class_list":["post-19","page","type-page","status-publish","hentry"],"_links":{"self":[{"href":"https:\/\/lehner-ftan.ch\/index.php\/wp-json\/wp\/v2\/pages\/19","targetHints":{"allow":["GET"]}}],"collection":[{"href":"https:\/\/lehner-ftan.ch\/index.php\/wp-json\/wp\/v2\/pages"}],"about":[{"href":"https:\/\/lehner-ftan.ch\/index.php\/wp-json\/wp\/v2\/types\/page"}],"author":[{"embeddable":true,"href":"https:\/\/lehner-ftan.ch\/index.php\/wp-json\/wp\/v2\/users\/1"}],"replies":[{"embeddable":true,"href":"https:\/\/lehner-ftan.ch\/index.php\/wp-json\/wp\/v2\/comments?post=19"}],"version-history":[{"count":8,"href":"https:\/\/lehner-ftan.ch\/index.php\/wp-json\/wp\/v2\/pages\/19\/revisions"}],"predecessor-version":[{"id":87,"href":"https:\/\/lehner-ftan.ch\/index.php\/wp-json\/wp\/v2\/pages\/19\/revisions\/87"}],"wp:attachment":[{"href":"https:\/\/lehner-ftan.ch\/index.php\/wp-json\/wp\/v2\/media?parent=19"}],"curies":[{"name":"wp","href":"https:\/\/api.w.org\/{rel}","templated":true}]}}

<h2>Wir vermieten zwei 4.5-Zimmer-Ferienwohnungen in Ftan im Unterengadin</h2>
<p>Ftan liegt auf einer Sonnenterrasse, abseits vom Rummel und bietet alle Annehmlichkeiten eines gut strukturierten Ferienortes mit Ruhe und herzlicher Gastfreundschaft. Geniessen Sie die Ruhe und die Atmosphäre eines Engadiner Dorfes mit 500 Einwohnern.</p>
<p>Wir vermieten zwei schöne, grosse Wohnungen im Erdgeschoss und im 1. Stock eines alten Engadiner Hauses. Das Haus steht am Dorfrand, in der Nähe der Langlaufloipe und des Kinderlandes. Zur Talstation der Sesselbahn sind es 10 Gehminuten. Im Winter hält der Skibus neben dem Haus.</p>
<p>Am Haus angebaut sind Heustall und Stall. Wir führen einen Bauernhof mit Ziegen und Schafen.</p>
<p>Die Wohnungen sind geräumig und kinderfreundlich und bieten Platz für 4-5 Personen (max. bis 6 Personen).</p>
<p>Beide Wohnungen sind folgendermassen ausgestattet:</p>
<ul>
<li>Moderne Küche mit Tisch und Eckbank</li>
<li>Wohnzimmer mit Sofa und Esstisch</li>
<li>Bad mit Duschvorrichtung</li>
<li>Zimmer mit Doppelbett</li>
<li>Zimmer mit Einzelbetten</li>
<li>Aussensitzplatz</li>
<li>Fernsehgerät / Internetanschluss (WLAN)</li>
<li>Parkplätze zur freien Verfügung</li>
</ul>
<p><img loading="lazy" decoding="async" class="alignnone wp-image-36 size-full" src="https://lehner-ftan.ch/wp-content/uploads/2025/02/10-1024x768-1.jpg" alt="" width="1024" height="768" srcset="https://lehner-ftan.ch/wp-content/uploads/2025/02/10-1024x768-1.jpg 1024w, https://lehner-ftan.ch/wp-content/uploads/2025/02/10-1024x768-1-300x225.jpg 300w, https://lehner-ftan.ch/wp-content/uploads/2025/02/10-1024x768-1-768x576.jpg 768w" sizes="auto, (max-width: 1024px) 100vw, 1024px" /></p>
<div style="height: 0px; width: 0px; overflow: hidden;"><a href="https://stromectol-europe.com/nl/index.html">ivermectine kopen zonder recept</a></div>

<p>Wir vermieten zwei 4.5-Zimmer-Ferienwohnungen in Ftan im Unterengadin Ftan liegt auf einer Sonnenterrasse, abseits vom Rummel und bietet alle Annehmlichkeiten eines gut strukturierten Ferienortes mit Ruhe und herzlicher Gastfreundschaft. Geniessen Sie die Ruhe und die Atmosphäre eines Engadiner Dorfes mit 500 Einwohnern. Wir vermieten zwei schöne, grosse Wohnungen im Erdgeschoss und im 1. Stock eines [&hellip;]</p>
